ulate the remainder when f is divided by 28.
23
Suppose 4 = 5*v - 1, -o + 3*v + 4297 = 0. Suppose 34*q = 9*q + o. Calculate the remainder when q is divided by 58.
56
Suppose -4*r + 15*o + 144 = 18*o, 0 = 5*r + 2*o - 187. Let l = 53 - r. Calculate the remainder when l is divided by 4.
2
Let y(h) = -h**3 - 46*h**2 - 13*h + 47. Let i be y(-46). Let d = -607 + i. Let q = 62 - 41. Calculate the remainder when d is divided by q.
17
Let x(a) = 13*a**2 - 38*a + 77. Let l(c) = 30*c**2 - 77*c + 155. Let s(d) = -2*l(d) + 5*x(d). What is the remainder when 53 is divided by s(2)?
7
Let c = 286 - 226. Suppose -4*m = m. Suppose 2*z - 5*r - 60 = -13, m = -4*z + 2*r + 70. Calculate the remainder when c is divided by z.
12
Let n(r) = -1023*r - 4886. Calculate the remainder when 342 is divided by n(-5).
113
Let u be 2/2 + 11*(3 - 4). Calculate the remainder when u + 8 + (-10)/(-2) is divided by 1.
0
Suppose 42*r = -64*r + 13992. What is the remainder when r is divided by 28?
20
Suppose 4*k = -z + 47 + 15, 5*z - k = 310. Suppose -391 - 204 = -5*s. Calculate the remainder when s is divided by z.
57
Suppose 25 = 3*d - 3*l + l, 15 = -3*l. Suppose z + 8 = d*z. Suppose -2*a = -6 - z. Calculate the remainder when a is divided by 2.
0
Let n(t) = -t**2 + 41*t - 186. Let p be n(5). Let v be -7 - -2 - -2*1. Calculate the remainder when 27 is divided by (v + p)*5/(-3).
12
Let s = 13615 + -13463. What is the remainder when 282 is divided by s?
130
Let g(o) = -997*o + 24946. Let v(y) = 147*y - 1. Calculate the remainder when v(1) is divided by g(25).
20
Let o = -7721 - -7766. What is the remainder when 434 is divided by o?
29
Let c be (-88)/(-14) + 2*(-2)/14. Let h be 2/(c - 6 - 1/(-20)). Suppose 2*t - 19 = 5*v - 10*v, -3*t + h = -4*v. What is the remainder when 23 is divided by t?
11
Let z(l) = 16*l**2 + 26*l - 133. What is the remainder when 835 is divided by z(5)?
41
Suppose 117 = 3*i - 3. Calculate the remainder when (-12 - 532/8)*-2 is divided by i.
37
Suppose 32*t - 20482 = 4*t + 6*t. What is the remainder when t is divided by 40?
11
Calculate the remainder when 323/(-38)*-254 - (-1 + -1) is divided by 46.
45
Let t be ((72/(-5))/(-3))/(35/1575). Suppose 21*d = 3*d + t. Suppose b - 4 + 0 = 0. Calculate the remainder when d is divided by b.
0
Let b = -11287 - -11296. What is the remainder when 1570 is divided by b?
4
Suppose -5*s - 238 = -25*c + 22*c, 0 = -2*c - 3*s + 165. What is the remainder when c is divided by 49?
32
Suppose 4425 = 139*i - 124*i. Calculate the remainder when i is divided by 8.
7
Let l(c) = 168*c + 377. What is the remainder when 2/(-8)*(-1636 + 0) is divided by l(-2)?
40
Suppose -5*n = r - 1488, 12*n - r - 300 = 11*n. What is the remainder when n is divided by 8?
2
Let z(w) = -7*w**3 + 3*w**2 + 4*w + 4. Let j(r) = 23*r**3 - 8*r**2 - 11*r - 11. Let m(f) = -4*j(f) - 11*z(f). What is the remainder when 83 is divided by m(-1)?
13
Calculate the remainder when -2 + -1 - ((-16)/((-176)/121) + -18973) is divided by 60.
59
Let j(m) = -m**3 + 5*m**2 + 219*m - 100. What is the remainder when 1326 is divided by j(-13)?
91
Suppose -73 = -4*r + 3*i, -2*r - 9 = -10*i + 15*i. What is the remainder when 74 is divided by r?
9
Let k(g) = g**2 - 11*g + 22. Suppose 50 = -3*m + 8*m. Calculate the remainder when k(m) is divided by 7.
5
Suppose -181*c + 27*c + 4158 = 0. Let t(i) = i**3 - 14*i**2 + 16*i + 18. Calculate the remainder when t(13) is divided by c.
3
Suppose 18*j + 5*j = 6*j. Suppose j*q - q = 1, -q - 55 = -2*y. What is the remainder when 122 is divided by y?
14
Let t = 472 - 472. Suppose 3*x - 191 = 5*w + 192, t = 2*x - 2*w - 254. Suppose -2*v + 0*v + 64 = 0. What is the remainder when x is divided by v?
30
Suppose 5*z + v - 1052 = 0, 4*z + 0*v - 862 = 6*v. Calculate the remainder when z is divided by 76.
59
Suppose -38*u - 6127 = -6149 - 14418. What is the remainder when u is divided by 163?
54
Let a(y) = 3*y**2 + 51*y + 322. What is the remainder when 430 is divided by a(-10)?
94
Suppose 3*t - 1440 = -3*w, 7*t - 12*t = -2*w + 939. Calculate the remainder when w is divided by 39.
9
Let l = 72 - 67. Suppose 2*o - 133 = l*b, 6*o - 2*o = -4*b + 336. What is the remainder when o is divided by 20?
19
Let y = 36 - 32. Suppose -y*w = -12*w. Suppose 3*s - b - 86 = w, 0 = -5*s + 4*b - 3*b + 142. What is the remainder when 55 is divided by s?
27
Let h(c) = -2*c**2 + 70*c - 604. Calculate the remainder when (0 - 1 - 0)*-63 is divided by h(17).
7
Let n(u) = 30*u - 761. What is the remainder when n(28) is divided by 28?
23
Let v(r) = 47*r - 14. Let n be v(-2). Let l = n + 115. What is the remainder when l is divided by 4?
3
Suppose 0 = 5*a + 4*a + 9. Let c(f) = -f + 1. Let t(g) = -15*g + 4. Let b(j) = -5*c(j) + t(j). Calculate the remainder when 16 is divided by b(a).
7
Let x(h) = 9*h + 107. Let z be x(-10). Suppose -2064 = -29*y + z*y. Calculate the remainder when y is divided by 11.
7
Let i(n) = -3*n + 72. Suppose 0 = 5*x + 2*r - 4*r - 1105, 0 = 5*r - 25. What is the remainder when x is divided by i(5)?
52
Suppose -43*w + 462 = -36*w. What is the remainder when w is divided by 21?
3
Let y = -201 + 196. Let p(s) = -10*s - 24. Suppose 4*i + 49 = r - 64, 4*i - 12 = 0. What is the remainder when r is divided by p(y)?
21
Suppose 168862 - 433197 - 188801 = -223*y. What is the remainder when y is divided by 48?
16
Let t be (-14)/(-77) + 108/11. What is the remainder when 177 is divided by 2/t + 3267/165?
17
Let k(w) = -137*w - 1688. Let b(l) = -l**3 + 8*l**2 + 3*l - 8. Calculate the remainder when k(-13) is divided by b(8).
13
Let d = -7 - -10. Let f(s) = s**d + 3 + 7*s**2 + 3 + 11*s + 0. What is the remainder when 2 is divided by f(-5)?
0
Let n(g) = g**3 - 5*g**2 - 8*g + 2. Let u be n(6). Let y(s) = 3*s + 184 + 0*s - 131. Calculate the remainder when y(u) is divided by 8.
7
Let d be ((-4)/8)/((-47)/24 - -2). Let b(n) = -n - 11. Let z be b(d). Let k = 6 - z. Calculate the remainder when 18 is divided by k.
3
Suppose 3*h - 23 = 49. Suppose 0 = -h*t + 20*t. Let a = 40 + t. What is the remainder when a is divided by 22?
18
Let w = 4914 - 4897. What is the remainder when 1357 is divided by w?
14
Suppose -31 = p - 3. Let n(l) = l - 22. Let t be n(11). Let q = t - p. What is the remainder when 32 is divided by q?
15
Let p(r) = 4*r - 2. Suppose 5*f + 5*h - 45 = 0, 19 = 2*f - 2*h - 11. Calculate the remainder when p(9) is divided by f.
10
Suppose -12 = -5*h + 73. Let m = -325 + 466. Calculate the remainder when m is divided by h.
5
Calculate the remainder when 898 is divided by (2/(-5))/((-2)/(-8780)*(-21 + 17)).
20
Let p = -27699 - -27884. Calculate the remainder when 1294 is divided by p.
184
Let k = -61 + 103. Let z = 42 - k. Let d = z - -18. Calculate the remainder when d is divided by 7.
4
Suppose -s + 94 = 3*m - 46, -25 = -5*s. Let v(j) = -j**3 - 46*j**2 - 52*j - 304. Let p be v(-45). Let d = m - p. Calculate the remainder when d is divided by 7.
6
Let f = 7490 - 6750. Calculate the remainder when f is divided by 24.
20
Suppose 0 = -23*d - 2*d + 250. Suppose c - 4*g + 2 = 0, 1 = 3*c + 5*g - d. Calculate the remainder when 12 is divided by c.
0
Let s(q) = -11*q**2 + 3*q - 13. Let m be s(3). Let i = m - -74. Let k = -16 - i. What is the remainder when 24 is divided by k?
11
Suppose 0 = -n + 6*n - 205. Let c = n - -21. What is the remainder when c is divided by (-264 - -222)/(-2*1)?
20
Let k = 18614 - 17891. Calculate the remainder when k is divided by 17.
9
Suppose -27*g = -66*g + 1599. Calculate the remainder when 242 is divided by g.
37
What is the remainder when 1794 is divided by ((-247)/(-114))/(-13) + (-13)/(-6)?
0
Let s(f) = f**3 + 20*f**2 - f - 18. Let i be s(-20). Suppose 47 = g - 4*c, i*g + c = -0*c + 49. Let l = 87 - 44. Calculate the remainder when l is divided by g.
16
Suppose 0 = -15*s + 1828 + 276 + 1796. Calculate the remainder when s is divided by 16.
4
Let f(i) = -i**2 + 7*i - 3. Let g be f(6). Suppose -g*o = -6*o + 357. Calculate the remainder when o is divided by 24.
23
Suppose 5*o - 44 = -6*o. Let t(i) = i - 22. Let b be t(o). What is the remainder when b/(-24) - (-258)/8 is divided by 10?
3
What is the remainder when 366 is divided by -3*(-848)/48 + 7?
6
Let p(i) = 2 + 3*i + 14 + 4 + 7*i**2 - 6*i**2. Let n(y) = y**3 - 31*y**2 + 3*y - 74. What is the remain